t is the remainder when 1012 is divided by g?
123
Suppose 5*r = 22*k - 25*k + 26, 3*r - 5*k = 36. Suppose -s + 4*b = -241, b + 3 = 2. Calculate the remainder when s is divided by r.
6
Calculate the remainder when (3 - 42/(-4) - 11)/((-10)/(-1416)) is divided by 103.
45
Suppose 4*n + 2*k + 27 = 49, -3*k + 30 = 5*n. Suppose 4*u + n*s - 651 = 0, -5*s = 6*u - 9*u + 452. Calculate the remainder when u is divided by 27.
24
Let w(s) = s + 100. Let x be w(0). Let l = x + -32. Suppose -4*u = l - 248. Calculate the remainder when u is divided by 16.
13
Let r = -141 - -197. Suppose -y = -17 - r. Let p = 52 - 33. Calculate the remainder when y is divided by p.
16
Suppose 366 - 1796 = 22*c. Calculate the remainder when 266 is divided by 87/5 + (-39)/c.
14
Let k be 2/6*-3*-116. Suppose -c - 270 = -3*g, -3*g + k + 145 = 2*c. Suppose 7*r - g - 23 = 0. What is the remainder when 30 is divided by r?
14
Suppose -5*l - 2813 = -4*f, 0 = 3*f + 3*l - 3030 + 954. Let o = f + -694. What is the remainder when 141 is divided by o?
0
Suppose -35*u + 3*y - 108 = -39*u, -u = -y - 34. Calculate the remainder when 626 is divided by u.
26
Suppose 3*y - 84 = -3*z, -4*y = 48*z - 50*z + 32. What is the remainder when z is divided by 9?
6
Suppose g + 2*u - 10 = 0, 5*g - 2*u - 53 = -15. Calculate the remainder when 0 + 2/((-6)/(-453)) is divided by g.
7
Suppose 593 - 119 = 6*g. Suppose -80*i + 32 = -g*i. Calculate the remainder when i is divided by 14.
4
Suppose -215*r + 47*r + 6216 = 0. Calculate the remainder when (3/6)/((-1)/(-142)) is divided by r.
34
Suppose -3588 = -50*j - 2*j. What is the remainder when j is divided by 30?
9
Suppose 13*f - 9*f - 158 = 3*k, -k - 2 = 0. Calculate the remainder when 62 is divided by 129/(-172) - f/(-8).
2
Suppose -3*l - 10 = -8*l, 0 = -2*w + 2*l + 68. Calculate the remainder when 12561 is divided by w.
33
Let x = 5892 + -5884. Suppose -i + 41 + 20 = -4*v, -4*i + 266 = -5*v. Calculate the remainder when i is divided by x.
5
Suppose 0 = 7*o - 2*o - 150. Suppose -z = -2*i - 92, z + 5*i = -z + 157. Calculate the remainder when o is divided by 16/40 + z/10.
3
Let h(m) = -3*m**3 - 56*m**2 + 35*m + 27. Let c be h(-19). Let k = c - -455. Calculate the remainder when k is divided by 38.
26
What is the remainder when 987 is divided by (-4)/(-22) + 129120/1320 + (1 - 10)?
8
Let o(w) = w**3 - 13*w**2 - 14*w + 10. Suppose 2*m + 2 = m, 3*m = -3*t - 6. Calculate the remainder when 3 + (-10)/2 + 28 + t is divided by o(14).
6
Suppose -229*f + 4177 + 3900 = -3144. Let b(i) = -2*i + 1. Let u be b(-6). Suppose -o - u = -2*o. Calculate the remainder when f is divided by o.
10
Suppose 0 = -87*q + 9321 + 26679 + 45780. What is the remainder when q is divided by 37?
15
Suppose 30*b - 5*v = 34*b - 55, -b + 2*v + 30 = 0. Suppose 164 = j + 47. What is the remainder when j is divided by b?
17
Suppose -711*r + 4438 = -704*r. Let l = -616 + r. Suppose -5 = -5*v + 15. Calculate the remainder when l is divided by v.
2
Let k(p) = -2*p + 22. Let d be k(12). Let u be d/(-4)*(-16 + 10). What is the remainder when (-612)/(-6) - (1 - -2)/u is divided by 8?
7
Let i = 3073 + -3040. What is the remainder when 620 is divided by i?
26
What is the remainder when 121 is divided by 4/50 - (292/(-3))/(250/195)?
45
Let a = 9441 - 9089. Calculate the remainder when a is divided by 99.
55
Let h = -58 + 71. Suppose -9*d = -229 + h. What is the remainder when d is divided by (-4)/(-6)*(80/8 + 14)?
8
Let j(m) = -2*m**3 + 34*m**2 + 32*m + 126. Let l(q) = 5*q - 7. What is the remainder when j(18) is divided by l(6)?
8
Suppose 17 = t - 0. Let y = -413 - -588. Let g = 276 - y. Calculate the remainder when g is divided by t.
16
Suppose -3*h + 390 = 2*h. Suppose 0 = -4*y + h + 34. Suppose 0 = 2*b + 4, -4*n = -4*b - y - 36. What is the remainder when n is divided by 4?
2
Let s(h) = 2*h**2 + 33*h - 9. Let g be s(-17). Suppose 2*y = -3*a - g + 25, 3*y - 13 = -2*a. What is the remainder when 47 is divided by ((-129)/(-15) - 5)*y*5?
11
Let o(c) = -5*c. What is the remainder when 61 - ((-259)/(-49) - (-4 + (-180)/(-42))) is divided by o(-4)?
16
Let t(a) = 5*a**2 - 60*a - 8. What is the remainder when 931 is divided by t(15)?
63
Let j = -3265 + 3276. Calculate the remainder when 36 is divided by j.
3
Suppose 1605*b = 1617*b - 348. Calculate the remainder when 633 is divided by b.
24
Suppose -5*l = -126 - 9. Calculate the remainder when (-7 + 266/42)/(4/(-270)) is divided by l.
18
Suppose 14267 = 4*a - 3*y, 5*a + 4*y - 3311 - 14484 = 0. What is the remainder when a is divided by 115?
113
Let h = -250 - -270. Suppose -7*g - 195 = -h*g. What is the remainder when 3/2 - 425/(-10) is divided by g?
14
Let m(p) = 9*p + 176. Calculate the remainder when 4/32 + -1268*12/(-128) is divided by m(-19).
4
Let r = -33 + 70. Let g = r + -6. Let b = -259 - -268. Calculate the remainder when g is divided by b.
4
Suppose 0 = 2*x + 2*x - 112. Suppose u - 2*u - 4*v + 117 = 0, -u = 3*v - 112. Let h = 208 - u. What is the remainder when h is divided by x?
27
Let a(u) = -u**2 - 8*u + 39. Let h be a(3). Suppose h = -15*s + 51. Calculate the remainder when 14 is divided by s.
2
Let y = 629 - 588. Suppose -5*s = 2*h - 47, -4*s = 2*h - 47 + 11. Suppose -10*d + s*d = 22. What is the remainder when y is divided by d?
19
Suppose -f + 24 = h - 4*h, 5*f + 3*h = 192. Let j(q) = -q**2 + 37*q - 8. Calculate the remainder when 47 is divided by j(f).
19
Suppose 18*f - 8699 = -5*d + 17*f, -3498 = -2*d - 5*f. What is the remainder when d is divided by 109?
104
Suppose 10387 - 1788 = 2*l - b, -b + 8613 = 2*l. What is the remainder when l is divided by 7?
5
What is the remainder when 1328 is divided by 1330 - (5 + -3 + 3) - 16/(-16)?
2
Suppose -14*b + 86*b = 5544. Calculate the remainder when 369 is divided by b.
61
Suppose -2*z - 8*c = -9*c - 13, 0 = -2*z - 5*c - 5. What is the remainder when (z - 11)*87/(-6) is divided by 23?
18
Suppose 0 = -6*d + 12*d + 660. Let a = d - -116. What is the remainder when 21 is divided by a?
3
Calculate the remainder when 8321 is divided by 62 - 4/4*(-9 + 14).
56
Suppose 5*o - 80 = -5*x, o - 24 = -7*x + 4*x. Let a be (56*3)/(-7) + 4. Calculate the remainder when (a/6 + 3)*-129 is divided by o.
7
Suppose -3*n + 17*n = -8092. Let z = 610 + n. Suppose -d + 110 + 36 = 4*h, 2*d - 5*h - 227 = 0. What is the remainder when d is divided by z?
30
Suppose 4*x = -5*z + 73, -185*z = -190*z - x + 82. Calculate the remainder when 6068 is divided by z.
16
Suppose 125*a + 125*a = -98*a + 10788. Calculate the remainder when 2991 is divided by a.
15
Let u(t) = 2*t**2 - 15*t - 478. Calculate the remainder when u(-16) is divided by 71.
61
Let v(l) = l**2 + 9*l - 126. Let u be (-18)/(-24)*-1 - 7/(-4). What is the remainder when 30*(4/20 + u) is divided by v(-17)?
6
Suppose 2*o - u - 47 = 0, -o + u + 9 = -15. What is the remainder when 4/(-3) - 3000/(-36) is divided by o?
13
Let u be ((-45)/(-9))/((-1)/(-25)). Let q be 325*5/(u/10). Let x = q - 110. Calculate the remainder when 74 is divided by x.
14
Let i = 13 + -6. Calculate the remainder when (-12 + (-108)/(-10))/(42/(-20) + 2) is divided by i.
5
Let w(t) = -13*t. Let s(h) = -1. Let x(v) = -2*s(v) + w(v). Suppose l + 12 + 7 = f, 3*l - 9 = 0. Calculate the remainder when x(-3) is divided by f.
19
Let z(b) = -78*b - 829. Calculate the remainder when 54 is divided by z(-11).
25
Let c = -1474 - -1555. What is the remainder when 117 is divided by c?
36
Suppose 0 = 111*u + 80*u - 6494. What is the remainder when 1732 is divided by u?
32
Let b(q) = -q**3 - 11*q**2 + q - 119. What is the remainder when 49 is divided by b(-12)?
10
Calculate the remainder when 20060/51 + 16/24 is divided by 133.
128
Let c(t) = 337*t + 1781. Calculate the remainder when c(-2) is divided by 78.
15
Suppose -14*f + 3*u = -11*f - 18, 4*u + 10 = -3*f. Calculate the remainder when 35 is divided by (-46 + 92)*1/f.
12
Let f(b) = -b**2 + 125*b - 3649. Calculate the remainder when 206 is divided by f(70).
5
Let f = 175 + 31. Let d = -462497 + 462518. Calculate the remainder when f is divided by d.
17
Suppose 15*d - 13*d + 2*p = -4, -3*p = 9. Let k(u) = -11*u - 5. What is the remainder when k(-6) is divided by 3 - (-17 - (-4)/d)?
13
Let z(p) = 5*p - 4*p - 9*p**2 - 9 + 10*p**2. Let m be (70/126)/((-3)/(-27)). Calculate